{"id":227,"date":"2021-12-30T11:27:30","date_gmt":"2021-12-30T11:27:30","guid":{"rendered":"https:\/\/www.intaldom.com\/?page_id=227"},"modified":"2022-01-04T19:44:27","modified_gmt":"2022-01-04T19:44:27","slug":"katalog","status":"publish","type":"page","link":"https:\/\/intaldom.com\/?page_id=227","title":{"rendered":"Katalog"},"content":{"rendered":"\t\t<div data-elementor-type=\"wp-page\" data-elementor-id=\"227\" class=\"elementor elementor-227\" data-elementor-post-type=\"page\">\n\t\t\t\t\t\t<section class=\"elementor-section elementor-top-section elementor-element elementor-element-02d4aaa elementor-section-boxed elementor-section-height-default elementor-section-height-default\" data-id=\"02d4aaa\" data-element_type=\"section\" data-settings=\"{&quot;background_background&quot;:&quot;classic&quot;}\">\n\t\t\t\t\t\t<div class=\"elementor-container elementor-column-gap-default\">\n\t\t\t\t\t<div class=\"elementor-column elementor-col-100 elementor-top-column elementor-element elementor-element-9fd9d8b\" data-id=\"9fd9d8b\" data-element_type=\"column\">\n\t\t\t<div class=\"elementor-widget-wrap elementor-element-populated\">\n\t\t\t\t\t\t\t<\/div>\n\t\t<\/div>\n\t\t\t\t\t<\/div>\n\t\t<\/section>\n\t\t\t\t<section class=\"elementor-section elementor-top-section elementor-element elementor-element-7ac25cf elementor-section-boxed elementor-section-height-default elementor-section-height-default\" data-id=\"7ac25cf\" data-element_type=\"section\">\n\t\t\t\t\t\t<div class=\"elementor-container elementor-column-gap-default\">\n\t\t\t\t\t<div class=\"elementor-column elementor-col-100 elementor-top-column elementor-element elementor-element-0a37786\" data-id=\"0a37786\" data-element_type=\"column\">\n\t\t\t<div class=\"elementor-widget-wrap elementor-element-populated\">\n\t\t\t\t\t\t<div class=\"elementor-element elementor-element-c17baaa elementor-posts--align-center elementor-grid-3 elementor-grid-tablet-2 elementor-grid-mobile-1 elementor-posts--thumbnail-top elementor-widget elementor-widget-posts\" data-id=\"c17baaa\" data-element_type=\"widget\" data-settings=\"{&quot;pagination_type&quot;:&quot;numbers&quot;,&quot;classic_columns&quot;:&quot;3&quot;,&quot;classic_columns_tablet&quot;:&quot;2&quot;,&quot;classic_columns_mobile&quot;:&quot;1&quot;,&quot;classic_row_gap&quot;:{&quot;unit&quot;:&quot;px&quot;,&quot;size&quot;:35,&quot;sizes&quot;:[]},&quot;classic_row_gap_tablet&quot;:{&quot;unit&quot;:&quot;px&quot;,&quot;size&quot;:&quot;&quot;,&quot;sizes&quot;:[]},&quot;classic_row_gap_mobile&quot;:{&quot;unit&quot;:&quot;px&quot;,&quot;size&quot;:&quot;&quot;,&quot;sizes&quot;:[]}}\" data-widget_type=\"posts.classic\">\n\t\t\t\t<div class=\"elementor-widget-container\">\n\t\t\t\t\t\t\t<div class=\"elementor-posts-container elementor-posts elementor-posts--skin-classic elementor-grid\">\n\t\t\t\t<article class=\"elementor-post elementor-grid-item post-775 post type-post status-publish format-standard has-post-thumbnail hentry category-montazne-kuce tag-montazna-kuca-105-m2 entry has-media\">\n\t\t\t\t<a class=\"elementor-post__thumbnail__link\" href=\"https:\/\/intaldom.com\/?p=775\" tabindex=\"-1\" >\n\t\t\t<div class=\"elementor-post__thumbnail\"><img fetchpriority=\"high\" decoding=\"async\" width=\"860\" height=\"573\" src=\"https:\/\/intaldom.com\/wp-content\/uploads\/2022\/01\/105-1.jpg\" class=\"attachment-large size-large wp-image-778\" alt=\"\" srcset=\"https:\/\/intaldom.com\/wp-content\/uploads\/2022\/01\/105-1.jpg 860w, https:\/\/intaldom.com\/wp-content\/uploads\/2022\/01\/105-1-300x200.jpg 300w, https:\/\/intaldom.com\/wp-content\/uploads\/2022\/01\/105-1-768x512.jpg 768w\" sizes=\"(max-width: 860px) 100vw, 860px\" \/><\/div>\n\t\t<\/a>\n\t\t\t\t<div class=\"elementor-post__text\">\n\t\t\t\t<h3 class=\"elementor-post__title\">\n\t\t\t<a href=\"https:\/\/intaldom.com\/?p=775\" >\n\t\t\t\tMONTA\u017dNA KU\u0106A 105 m2\t\t\t<\/a>\n\t\t<\/h3>\n\t\t\t\t<\/div>\n\t\t\t\t<\/article>\n\t\t\t\t<article class=\"elementor-post elementor-grid-item post-771 post type-post status-publish format-standard has-post-thumbnail hentry category-montazne-kuce tag-montazna-kuca-135-m2 entry has-media\">\n\t\t\t\t<a class=\"elementor-post__thumbnail__link\" href=\"https:\/\/intaldom.com\/?p=771\" tabindex=\"-1\" >\n\t\t\t<div class=\"elementor-post__thumbnail\"><img decoding=\"async\" width=\"700\" height=\"520\" src=\"https:\/\/intaldom.com\/wp-content\/uploads\/2022\/01\/montazna-kuca-135-m2-700x520-1.jpg\" class=\"attachment-large size-large wp-image-773\" alt=\"\" srcset=\"https:\/\/intaldom.com\/wp-content\/uploads\/2022\/01\/montazna-kuca-135-m2-700x520-1.jpg 700w, https:\/\/intaldom.com\/wp-content\/uploads\/2022\/01\/montazna-kuca-135-m2-700x520-1-300x223.jpg 300w\" sizes=\"(max-width: 700px) 100vw, 700px\" \/><\/div>\n\t\t<\/a>\n\t\t\t\t<div class=\"elementor-post__text\">\n\t\t\t\t<h3 class=\"elementor-post__title\">\n\t\t\t<a href=\"https:\/\/intaldom.com\/?p=771\" >\n\t\t\t\tMONTA\u017dNA KU\u0106A 135 m2\t\t\t<\/a>\n\t\t<\/h3>\n\t\t\t\t<\/div>\n\t\t\t\t<\/article>\n\t\t\t\t<article class=\"elementor-post elementor-grid-item post-766 post type-post status-publish format-standard has-post-thumbnail hentry category-montazne-kuce tag-montazna-kuca-75-m2 entry has-media\">\n\t\t\t\t<a class=\"elementor-post__thumbnail__link\" href=\"https:\/\/intaldom.com\/?p=766\" tabindex=\"-1\" >\n\t\t\t<div class=\"elementor-post__thumbnail\"><img decoding=\"async\" width=\"860\" height=\"574\" src=\"https:\/\/intaldom.com\/wp-content\/uploads\/2022\/01\/kuca-75.jpg\" class=\"attachment-large size-large wp-image-769\" alt=\"\" srcset=\"https:\/\/intaldom.com\/wp-content\/uploads\/2022\/01\/kuca-75.jpg 860w, https:\/\/intaldom.com\/wp-content\/uploads\/2022\/01\/kuca-75-300x200.jpg 300w, https:\/\/intaldom.com\/wp-content\/uploads\/2022\/01\/kuca-75-768x513.jpg 768w\" sizes=\"(max-width: 860px) 100vw, 860px\" \/><\/div>\n\t\t<\/a>\n\t\t\t\t<div class=\"elementor-post__text\">\n\t\t\t\t<h3 class=\"elementor-post__title\">\n\t\t\t<a href=\"https:\/\/intaldom.com\/?p=766\" >\n\t\t\t\tMONTA\u017dNA KU\u0106A  75 m2\t\t\t<\/a>\n\t\t<\/h3>\n\t\t\t\t<\/div>\n\t\t\t\t<\/article>\n\t\t\t\t<article class=\"elementor-post elementor-grid-item post-760 post type-post status-publish format-standard has-post-thumbnail hentry category-montazne-kuce tag-tipska-kuca-8-150-m2 entry has-media\">\n\t\t\t\t<a class=\"elementor-post__thumbnail__link\" href=\"https:\/\/intaldom.com\/?p=760\" tabindex=\"-1\" >\n\t\t\t<div class=\"elementor-post__thumbnail\"><img loading=\"lazy\" decoding=\"async\" width=\"684\" height=\"400\" src=\"https:\/\/intaldom.com\/wp-content\/uploads\/2022\/01\/71109926_2434813390090304_3262720121709264896_n-684x400-1.jpg\" class=\"attachment-large size-large wp-image-761\" alt=\"\" srcset=\"https:\/\/intaldom.com\/wp-content\/uploads\/2022\/01\/71109926_2434813390090304_3262720121709264896_n-684x400-1.jpg 684w, https:\/\/intaldom.com\/wp-content\/uploads\/2022\/01\/71109926_2434813390090304_3262720121709264896_n-684x400-1-300x175.jpg 300w\" sizes=\"(max-width: 684px) 100vw, 684px\" \/><\/div>\n\t\t<\/a>\n\t\t\t\t<div class=\"elementor-post__text\">\n\t\t\t\t<h3 class=\"elementor-post__title\">\n\t\t\t<a href=\"https:\/\/intaldom.com\/?p=760\" >\n\t\t\t\tTIPSKA KU\u0106A 8\t\t\t<\/a>\n\t\t<\/h3>\n\t\t\t\t<\/div>\n\t\t\t\t<\/article>\n\t\t\t\t<article class=\"elementor-post elementor-grid-item post-756 post type-post status-publish format-standard has-post-thumbnail hentry category-montazne-kuce tag-tipska-kuca-7-250-m2 entry has-media\">\n\t\t\t\t<a class=\"elementor-post__thumbnail__link\" href=\"https:\/\/intaldom.com\/?p=756\" tabindex=\"-1\" >\n\t\t\t<div class=\"elementor-post__thumbnail\"><img loading=\"lazy\" decoding=\"async\" width=\"700\" height=\"460\" src=\"https:\/\/intaldom.com\/wp-content\/uploads\/2022\/01\/Tipska-kuca-7-700x460-1.jpg\" class=\"attachment-large size-large wp-image-758\" alt=\"\" srcset=\"https:\/\/intaldom.com\/wp-content\/uploads\/2022\/01\/Tipska-kuca-7-700x460-1.jpg 700w, https:\/\/intaldom.com\/wp-content\/uploads\/2022\/01\/Tipska-kuca-7-700x460-1-300x197.jpg 300w\" sizes=\"(max-width: 700px) 100vw, 700px\" \/><\/div>\n\t\t<\/a>\n\t\t\t\t<div class=\"elementor-post__text\">\n\t\t\t\t<h3 class=\"elementor-post__title\">\n\t\t\t<a href=\"https:\/\/intaldom.com\/?p=756\" >\n\t\t\t\tTIPSKA KU\u0106A 7\t\t\t<\/a>\n\t\t<\/h3>\n\t\t\t\t<\/div>\n\t\t\t\t<\/article>\n\t\t\t\t<article class=\"elementor-post elementor-grid-item post-752 post type-post status-publish format-standard has-post-thumbnail hentry category-montazne-kuce tag-tipska-kuca-6-110-m2 entry has-media\">\n\t\t\t\t<a class=\"elementor-post__thumbnail__link\" href=\"https:\/\/intaldom.com\/?p=752\" tabindex=\"-1\" >\n\t\t\t<div class=\"elementor-post__thumbnail\"><img loading=\"lazy\" decoding=\"async\" width=\"700\" height=\"700\" src=\"https:\/\/intaldom.com\/wp-content\/uploads\/2022\/01\/06-700x700-1.jpg\" class=\"attachment-large size-large wp-image-754\" alt=\"\" srcset=\"https:\/\/intaldom.com\/wp-content\/uploads\/2022\/01\/06-700x700-1.jpg 700w, https:\/\/intaldom.com\/wp-content\/uploads\/2022\/01\/06-700x700-1-300x300.jpg 300w, https:\/\/intaldom.com\/wp-content\/uploads\/2022\/01\/06-700x700-1-150x150.jpg 150w\" sizes=\"(max-width: 700px) 100vw, 700px\" \/><\/div>\n\t\t<\/a>\n\t\t\t\t<div class=\"elementor-post__text\">\n\t\t\t\t<h3 class=\"elementor-post__title\">\n\t\t\t<a href=\"https:\/\/intaldom.com\/?p=752\" >\n\t\t\t\tTIPSKA KU\u0106A 6\t\t\t<\/a>\n\t\t<\/h3>\n\t\t\t\t<\/div>\n\t\t\t\t<\/article>\n\t\t\t\t<article class=\"elementor-post elementor-grid-item post-748 post type-post status-publish format-standard has-post-thumbnail hentry category-montazne-kuce tag-tipska-kuca-5 entry has-media\">\n\t\t\t\t<a class=\"elementor-post__thumbnail__link\" href=\"https:\/\/intaldom.com\/?p=748\" tabindex=\"-1\" >\n\t\t\t<div class=\"elementor-post__thumbnail\"><img loading=\"lazy\" decoding=\"async\" width=\"700\" height=\"487\" src=\"https:\/\/intaldom.com\/wp-content\/uploads\/2022\/01\/05-700x487-1.jpg\" class=\"attachment-large size-large wp-image-749\" alt=\"\" srcset=\"https:\/\/intaldom.com\/wp-content\/uploads\/2022\/01\/05-700x487-1.jpg 700w, https:\/\/intaldom.com\/wp-content\/uploads\/2022\/01\/05-700x487-1-300x209.jpg 300w\" sizes=\"(max-width: 700px) 100vw, 700px\" \/><\/div>\n\t\t<\/a>\n\t\t\t\t<div class=\"elementor-post__text\">\n\t\t\t\t<h3 class=\"elementor-post__title\">\n\t\t\t<a href=\"https:\/\/intaldom.com\/?p=748\" >\n\t\t\t\tTIPSKA KU\u0106A 5\t\t\t<\/a>\n\t\t<\/h3>\n\t\t\t\t<\/div>\n\t\t\t\t<\/article>\n\t\t\t\t<article class=\"elementor-post elementor-grid-item post-744 post type-post status-publish format-standard has-post-thumbnail hentry category-montazne-kuce tag-tipska-kuca-4-100-m2 entry has-media\">\n\t\t\t\t<a class=\"elementor-post__thumbnail__link\" href=\"https:\/\/intaldom.com\/?p=744\" tabindex=\"-1\" >\n\t\t\t<div class=\"elementor-post__thumbnail\"><img loading=\"lazy\" decoding=\"async\" width=\"700\" height=\"555\" src=\"https:\/\/intaldom.com\/wp-content\/uploads\/2022\/01\/Tipska-kuca-4-700x555-1.jpg\" class=\"attachment-large size-large wp-image-746\" alt=\"\" srcset=\"https:\/\/intaldom.com\/wp-content\/uploads\/2022\/01\/Tipska-kuca-4-700x555-1.jpg 700w, https:\/\/intaldom.com\/wp-content\/uploads\/2022\/01\/Tipska-kuca-4-700x555-1-300x238.jpg 300w\" sizes=\"(max-width: 700px) 100vw, 700px\" \/><\/div>\n\t\t<\/a>\n\t\t\t\t<div class=\"elementor-post__text\">\n\t\t\t\t<h3 class=\"elementor-post__title\">\n\t\t\t<a href=\"https:\/\/intaldom.com\/?p=744\" >\n\t\t\t\tTIPSKA KU\u0106A 4\t\t\t<\/a>\n\t\t<\/h3>\n\t\t\t\t<\/div>\n\t\t\t\t<\/article>\n\t\t\t\t<article class=\"elementor-post elementor-grid-item post-740 post type-post status-publish format-standard has-post-thumbnail hentry category-montazne-kuce tag-tipska-kuca-3-100-m2 entry has-media\">\n\t\t\t\t<a class=\"elementor-post__thumbnail__link\" href=\"https:\/\/intaldom.com\/?p=740\" tabindex=\"-1\" >\n\t\t\t<div class=\"elementor-post__thumbnail\"><img loading=\"lazy\" decoding=\"async\" width=\"700\" height=\"555\" src=\"https:\/\/intaldom.com\/wp-content\/uploads\/2022\/01\/Tipska-kuca-3-700x555-1.jpg\" class=\"attachment-large size-large wp-image-742\" alt=\"\" srcset=\"https:\/\/intaldom.com\/wp-content\/uploads\/2022\/01\/Tipska-kuca-3-700x555-1.jpg 700w, https:\/\/intaldom.com\/wp-content\/uploads\/2022\/01\/Tipska-kuca-3-700x555-1-300x238.jpg 300w\" sizes=\"(max-width: 700px) 100vw, 700px\" \/><\/div>\n\t\t<\/a>\n\t\t\t\t<div class=\"elementor-post__text\">\n\t\t\t\t<h3 class=\"elementor-post__title\">\n\t\t\t<a href=\"https:\/\/intaldom.com\/?p=740\" >\n\t\t\t\tTIPSKA KU\u0106A 3\t\t\t<\/a>\n\t\t<\/h3>\n\t\t\t\t<\/div>\n\t\t\t\t<\/article>\n\t\t\t\t<article class=\"elementor-post elementor-grid-item post-736 post type-post status-publish format-standard has-post-thumbnail hentry category-montazne-kuce tag-tipska-kuca-2-65-m2 entry has-media\">\n\t\t\t\t<a class=\"elementor-post__thumbnail__link\" href=\"https:\/\/intaldom.com\/?p=736\" tabindex=\"-1\" >\n\t\t\t<div class=\"elementor-post__thumbnail\"><img loading=\"lazy\" decoding=\"async\" width=\"700\" height=\"700\" src=\"https:\/\/intaldom.com\/wp-content\/uploads\/2022\/01\/Tipska-kuca-2-700x700-1.jpg\" class=\"attachment-large size-large wp-image-738\" alt=\"\" srcset=\"https:\/\/intaldom.com\/wp-content\/uploads\/2022\/01\/Tipska-kuca-2-700x700-1.jpg 700w, https:\/\/intaldom.com\/wp-content\/uploads\/2022\/01\/Tipska-kuca-2-700x700-1-300x300.jpg 300w, https:\/\/intaldom.com\/wp-content\/uploads\/2022\/01\/Tipska-kuca-2-700x700-1-150x150.jpg 150w\" sizes=\"(max-width: 700px) 100vw, 700px\" \/><\/div>\n\t\t<\/a>\n\t\t\t\t<div class=\"elementor-post__text\">\n\t\t\t\t<h3 class=\"elementor-post__title\">\n\t\t\t<a href=\"https:\/\/intaldom.com\/?p=736\" >\n\t\t\t\tTIPSKA KU\u0106A 2\t\t\t<\/a>\n\t\t<\/h3>\n\t\t\t\t<\/div>\n\t\t\t\t<\/article>\n\t\t\t\t<article class=\"elementor-post elementor-grid-item post-728 post type-post status-publish format-standard has-post-thumbnail hentry category-montazne-kuce tag-tipska-kuca-1 entry has-media\">\n\t\t\t\t<a class=\"elementor-post__thumbnail__link\" href=\"https:\/\/intaldom.com\/?p=728\" tabindex=\"-1\" >\n\t\t\t<div class=\"elementor-post__thumbnail\"><img loading=\"lazy\" decoding=\"async\" width=\"848\" height=\"474\" src=\"https:\/\/intaldom.com\/wp-content\/uploads\/2022\/01\/1-1.jpg\" class=\"attachment-large size-large wp-image-734\" alt=\"\" srcset=\"https:\/\/intaldom.com\/wp-content\/uploads\/2022\/01\/1-1.jpg 848w, https:\/\/intaldom.com\/wp-content\/uploads\/2022\/01\/1-1-300x168.jpg 300w, https:\/\/intaldom.com\/wp-content\/uploads\/2022\/01\/1-1-768x429.jpg 768w\" sizes=\"(max-width: 848px) 100vw, 848px\" \/><\/div>\n\t\t<\/a>\n\t\t\t\t<div class=\"elementor-post__text\">\n\t\t\t\t<h3 class=\"elementor-post__title\">\n\t\t\t<a href=\"https:\/\/intaldom.com\/?p=728\" >\n\t\t\t\tTIPSKA KU\u0106A 1\t\t\t<\/a>\n\t\t<\/h3>\n\t\t\t\t<\/div>\n\t\t\t\t<\/article>\n\t\t\t\t<article class=\"elementor-post elementor-grid-item post-724 post type-post status-publish format-standard has-post-thumbnail hentry category-montazne-kuce tag-montazna-kuca-vlatka entry has-media\">\n\t\t\t\t<a class=\"elementor-post__thumbnail__link\" href=\"https:\/\/intaldom.com\/?p=724\" tabindex=\"-1\" >\n\t\t\t<div class=\"elementor-post__thumbnail\"><img loading=\"lazy\" decoding=\"async\" width=\"683\" height=\"456\" src=\"https:\/\/intaldom.com\/wp-content\/uploads\/2022\/01\/montazna-kuca-Vlatka2.png\" class=\"attachment-large size-large wp-image-725\" alt=\"\" srcset=\"https:\/\/intaldom.com\/wp-content\/uploads\/2022\/01\/montazna-kuca-Vlatka2.png 683w, https:\/\/intaldom.com\/wp-content\/uploads\/2022\/01\/montazna-kuca-Vlatka2-300x200.png 300w\" sizes=\"(max-width: 683px) 100vw, 683px\" \/><\/div>\n\t\t<\/a>\n\t\t\t\t<div class=\"elementor-post__text\">\n\t\t\t\t<h3 class=\"elementor-post__title\">\n\t\t\t<a href=\"https:\/\/intaldom.com\/?p=724\" >\n\t\t\t\tMONTA\u017dNA KU\u0106A VLATKA\t\t\t<\/a>\n\t\t<\/h3>\n\t\t\t\t<\/div>\n\t\t\t\t<\/article>\n\t\t\t\t<\/div>\n\t\t\n\t\t\t\t<div class=\"e-load-more-anchor\" data-page=\"1\" data-max-page=\"4\" data-next-page=\"https:\/\/intaldom.com\/index.php?rest_route=%2Fwp%2Fv2%2Fpages%2F227&#038;paged=2\"><\/div>\n\t\t\t\t<nav class=\"elementor-pagination\" aria-label=\"Pagination\">\n\t\t\t<span aria-current=\"page\" class=\"page-numbers current\"><span class=\"elementor-screen-only\">Page<\/span>1<\/span>\n<a class=\"page-numbers\" href=\"https:\/\/intaldom.com\/index.php\/?paged=2\"><span class=\"elementor-screen-only\">Page<\/span>2<\/a>\n<a class=\"page-numbers\" href=\"https:\/\/intaldom.com\/index.php\/?paged=3\"><span class=\"elementor-screen-only\">Page<\/span>3<\/a>\n<a class=\"page-numbers\" href=\"https:\/\/intaldom.com\/index.php\/?paged=4\"><span class=\"elementor-screen-only\">Page<\/span>4<\/a>\t\t<\/nav>\n\t\t\t\t\t\t<\/div>\n\t\t\t\t<\/div>\n\t\t\t\t\t<\/div>\n\t\t<\/div>\n\t\t\t\t\t<\/div>\n\t\t<\/section>\n\t\t\t\t<\/div>\n\t\t","protected":false},"excerpt":{"rendered":"","protected":false},"author":1,"featured_media":0,"parent":0,"menu_order":0,"comment_status":"closed","ping_status":"closed","template":"elementor_header_footer","meta":{"ocean_post_layout":"","ocean_both_sidebars_style":"","ocean_both_sidebars_content_width":0,"ocean_both_sidebars_sidebars_width":0,"ocean_sidebar":"0","ocean_second_sidebar":"0","ocean_disable_margins":"on","ocean_add_body_class":"","ocean_shortcode_before_top_bar":"","ocean_shortcode_after_top_bar":"","ocean_shortcode_before_header":"","ocean_shortcode_after_header":"","ocean_has_shortcode":"","ocean_shortcode_after_title":"","ocean_shortcode_before_footer_widgets":"","ocean_shortcode_after_footer_widgets":"","ocean_shortcode_before_footer_bottom":"","ocean_shortcode_after_footer_bottom":"","ocean_display_top_bar":"off","ocean_display_header":"on","ocean_header_style":"","ocean_center_header_left_menu":"0","ocean_custom_header_template":"0","ocean_custom_logo":0,"ocean_custom_retina_logo":0,"ocean_custom_logo_max_width":0,"ocean_custom_logo_tablet_max_width":0,"ocean_custom_logo_mobile_max_width":0,"ocean_custom_logo_max_height":0,"ocean_custom_logo_tablet_max_height":0,"ocean_custom_logo_mobile_max_height":0,"ocean_header_custom_menu":"0","ocean_menu_typo_font_family":"0","ocean_menu_typo_font_subset":"","ocean_menu_typo_font_size":0,"ocean_menu_typo_font_size_tablet":0,"ocean_menu_typo_font_size_mobile":0,"ocean_menu_typo_font_size_unit":"px","ocean_menu_typo_font_weight":"","ocean_menu_typo_font_weight_tablet":"","ocean_menu_typo_font_weight_mobile":"","ocean_menu_typo_transform":"","ocean_menu_typo_transform_tablet":"","ocean_menu_typo_transform_mobile":"","ocean_menu_typo_line_height":0,"ocean_menu_typo_line_height_tablet":0,"ocean_menu_typo_line_height_mobile":0,"ocean_menu_typo_line_height_unit":"","ocean_menu_typo_spacing":0,"ocean_menu_typo_spacing_tablet":0,"ocean_menu_typo_spacing_mobile":0,"ocean_menu_typo_spacing_unit":"","ocean_menu_link_color":"","ocean_menu_link_color_hover":"","ocean_menu_link_color_active":"","ocean_menu_link_background":"","ocean_menu_link_hover_background":"","ocean_menu_link_active_background":"","ocean_menu_social_links_bg":"","ocean_menu_social_hover_links_bg":"","ocean_menu_social_links_color":"","ocean_menu_social_hover_links_color":"","ocean_disable_title":"on","ocean_disable_heading":"default","ocean_post_title":"","ocean_post_subheading":"","ocean_post_title_style":"","ocean_post_title_background_color":"","ocean_post_title_background":0,"ocean_post_title_bg_image_position":"","ocean_post_title_bg_image_attachment":"","ocean_post_title_bg_image_repeat":"","ocean_post_title_bg_image_size":"","ocean_post_title_height":0,"ocean_post_title_bg_overlay":0.5,"ocean_post_title_bg_overlay_color":"","ocean_disable_breadcrumbs":"off","ocean_breadcrumbs_color":"","ocean_breadcrumbs_separator_color":"","ocean_breadcrumbs_links_color":"","ocean_breadcrumbs_links_hover_color":"","ocean_display_footer_widgets":"off","ocean_display_footer_bottom":"off","ocean_custom_footer_template":"0","footnotes":""},"class_list":["post-227","page","type-page","status-publish","hentry","entry","has-media"],"yoast_head":"<!-- This site is optimized with the Yoast SEO plugin v27.5 - https:\/\/yoast.com\/product\/yoast-seo-wordpress\/ -->\n<title>Katalog - Monta\u017ene ku\u0107e - Intaldom<\/title>\n<meta name=\"robots\" content=\"index, follow, max-snippet:-1, max-image-preview:large, max-video-preview:-1\" \/>\n<link rel=\"canonical\" href=\"https:\/\/intaldom.com\/?page_id=227\" \/>\n<meta property=\"og:locale\" content=\"hr_HR\" \/>\n<meta property=\"og:type\" content=\"article\" \/>\n<meta property=\"og:title\" content=\"Katalog - Monta\u017ene ku\u0107e - Intaldom\" \/>\n<meta property=\"og:url\" content=\"https:\/\/intaldom.com\/?page_id=227\" \/>\n<meta property=\"og:site_name\" content=\"Monta\u017ene ku\u0107e - Intaldom\" \/>\n<meta property=\"article:modified_time\" content=\"2022-01-04T19:44:27+00:00\" \/>\n<meta name=\"twitter:card\" content=\"summary_large_image\" \/>\n<meta name=\"twitter:label1\" content=\"Procijenjeno vrijeme \u010ditanja\" \/>\n\t<meta name=\"twitter:data1\" content=\"3 minute\" \/>\n<script type=\"application\/ld+json\" class=\"yoast-schema-graph\">{\"@context\":\"https:\\\/\\\/schema.org\",\"@graph\":[{\"@type\":\"WebPage\",\"@id\":\"https:\\\/\\\/intaldom.com\\\/?page_id=227\",\"url\":\"https:\\\/\\\/intaldom.com\\\/?page_id=227\",\"name\":\"Katalog - Monta\u017ene ku\u0107e - Intaldom\",\"isPartOf\":{\"@id\":\"https:\\\/\\\/intaldom.com\\\/#website\"},\"datePublished\":\"2021-12-30T11:27:30+00:00\",\"dateModified\":\"2022-01-04T19:44:27+00:00\",\"breadcrumb\":{\"@id\":\"https:\\\/\\\/intaldom.com\\\/?page_id=227#breadcrumb\"},\"inLanguage\":\"hr\",\"potentialAction\":[{\"@type\":\"ReadAction\",\"target\":[\"https:\\\/\\\/intaldom.com\\\/?page_id=227\"]}]},{\"@type\":\"BreadcrumbList\",\"@id\":\"https:\\\/\\\/intaldom.com\\\/?page_id=227#breadcrumb\",\"itemListElement\":[{\"@type\":\"ListItem\",\"position\":1,\"name\":\"Po\u010detna stranica\",\"item\":\"https:\\\/\\\/intaldom.com\\\/\"},{\"@type\":\"ListItem\",\"position\":2,\"name\":\"Katalog\"}]},{\"@type\":\"WebSite\",\"@id\":\"https:\\\/\\\/intaldom.com\\\/#website\",\"url\":\"https:\\\/\\\/intaldom.com\\\/\",\"name\":\"Monta\u017ene ku\u0107e - Intaldom\",\"description\":\"Monta\u017ene ku\u0107e, niskoenergetske ku\u0107e, monta\u017eni objekat1.\",\"publisher\":{\"@id\":\"https:\\\/\\\/intaldom.com\\\/#organization\"},\"potentialAction\":[{\"@type\":\"SearchAction\",\"target\":{\"@type\":\"EntryPoint\",\"urlTemplate\":\"https:\\\/\\\/intaldom.com\\\/?s={search_term_string}\"},\"query-input\":{\"@type\":\"PropertyValueSpecification\",\"valueRequired\":true,\"valueName\":\"search_term_string\"}}],\"inLanguage\":\"hr\"},{\"@type\":\"Organization\",\"@id\":\"https:\\\/\\\/intaldom.com\\\/#organization\",\"name\":\"Monta\u017ene ku\u0107e - Intaldom\",\"url\":\"https:\\\/\\\/intaldom.com\\\/\",\"logo\":{\"@type\":\"ImageObject\",\"inLanguage\":\"hr\",\"@id\":\"https:\\\/\\\/intaldom.com\\\/#\\\/schema\\\/logo\\\/image\\\/\",\"url\":\"https:\\\/\\\/intaldom.com\\\/wp-content\\\/uploads\\\/2021\\\/12\\\/logo-intaldom-04-2023-1.jpg\",\"contentUrl\":\"https:\\\/\\\/intaldom.com\\\/wp-content\\\/uploads\\\/2021\\\/12\\\/logo-intaldom-04-2023-1.jpg\",\"width\":492,\"height\":209,\"caption\":\"Monta\u017ene ku\u0107e - Intaldom\"},\"image\":{\"@id\":\"https:\\\/\\\/intaldom.com\\\/#\\\/schema\\\/logo\\\/image\\\/\"}}]}<\/script>\n<!-- \/ Yoast SEO plugin. -->","yoast_head_json":{"title":"Katalog - Monta\u017ene ku\u0107e - Intaldom","robots":{"index":"index","follow":"follow","max-snippet":"max-snippet:-1","max-image-preview":"max-image-preview:large","max-video-preview":"max-video-preview:-1"},"canonical":"https:\/\/intaldom.com\/?page_id=227","og_locale":"hr_HR","og_type":"article","og_title":"Katalog - Monta\u017ene ku\u0107e - Intaldom","og_url":"https:\/\/intaldom.com\/?page_id=227","og_site_name":"Monta\u017ene ku\u0107e - Intaldom","article_modified_time":"2022-01-04T19:44:27+00:00","twitter_card":"summary_large_image","twitter_misc":{"Procijenjeno vrijeme \u010ditanja":"3 minute"},"schema":{"@context":"https:\/\/schema.org","@graph":[{"@type":"WebPage","@id":"https:\/\/intaldom.com\/?page_id=227","url":"https:\/\/intaldom.com\/?page_id=227","name":"Katalog - Monta\u017ene ku\u0107e - Intaldom","isPartOf":{"@id":"https:\/\/intaldom.com\/#website"},"datePublished":"2021-12-30T11:27:30+00:00","dateModified":"2022-01-04T19:44:27+00:00","breadcrumb":{"@id":"https:\/\/intaldom.com\/?page_id=227#breadcrumb"},"inLanguage":"hr","potentialAction":[{"@type":"ReadAction","target":["https:\/\/intaldom.com\/?page_id=227"]}]},{"@type":"BreadcrumbList","@id":"https:\/\/intaldom.com\/?page_id=227#breadcrumb","itemListElement":[{"@type":"ListItem","position":1,"name":"Po\u010detna stranica","item":"https:\/\/intaldom.com\/"},{"@type":"ListItem","position":2,"name":"Katalog"}]},{"@type":"WebSite","@id":"https:\/\/intaldom.com\/#website","url":"https:\/\/intaldom.com\/","name":"Monta\u017ene ku\u0107e - Intaldom","description":"Monta\u017ene ku\u0107e, niskoenergetske ku\u0107e, monta\u017eni objekat1.","publisher":{"@id":"https:\/\/intaldom.com\/#organization"},"potentialAction":[{"@type":"SearchAction","target":{"@type":"EntryPoint","urlTemplate":"https:\/\/intaldom.com\/?s={search_term_string}"},"query-input":{"@type":"PropertyValueSpecification","valueRequired":true,"valueName":"search_term_string"}}],"inLanguage":"hr"},{"@type":"Organization","@id":"https:\/\/intaldom.com\/#organization","name":"Monta\u017ene ku\u0107e - Intaldom","url":"https:\/\/intaldom.com\/","logo":{"@type":"ImageObject","inLanguage":"hr","@id":"https:\/\/intaldom.com\/#\/schema\/logo\/image\/","url":"https:\/\/intaldom.com\/wp-content\/uploads\/2021\/12\/logo-intaldom-04-2023-1.jpg","contentUrl":"https:\/\/intaldom.com\/wp-content\/uploads\/2021\/12\/logo-intaldom-04-2023-1.jpg","width":492,"height":209,"caption":"Monta\u017ene ku\u0107e - Intaldom"},"image":{"@id":"https:\/\/intaldom.com\/#\/schema\/logo\/image\/"}}]}},"_links":{"self":[{"href":"https:\/\/intaldom.com\/index.php?rest_route=\/wp\/v2\/pages\/227","targetHints":{"allow":["GET"]}}],"collection":[{"href":"https:\/\/intaldom.com\/index.php?rest_route=\/wp\/v2\/pages"}],"about":[{"href":"https:\/\/intaldom.com\/index.php?rest_route=\/wp\/v2\/types\/page"}],"author":[{"embeddable":true,"href":"https:\/\/intaldom.com\/index.php?rest_route=\/wp\/v2\/users\/1"}],"replies":[{"embeddable":true,"href":"https:\/\/intaldom.com\/index.php?rest_route=%2Fwp%2Fv2%2Fcomments&post=227"}],"version-history":[{"count":34,"href":"https:\/\/intaldom.com\/index.php?rest_route=\/wp\/v2\/pages\/227\/revisions"}],"predecessor-version":[{"id":667,"href":"https:\/\/intaldom.com\/index.php?rest_route=\/wp\/v2\/pages\/227\/revisions\/667"}],"wp:attachment":[{"href":"https:\/\/intaldom.com\/index.php?rest_route=%2Fwp%2Fv2%2Fmedia&parent=227"}],"curies":[{"name":"wp","href":"https:\/\/api.w.org\/{rel}","templated":true}]}}